64 is divided by k.
94
Let o = 11027 + -10301. Calculate the remainder when 1453 is divided by o.
1
Calculate the remainder when ((-2)/6)/(6555874/262236 + -25) is divided by 17.
13
Let g be 0/(3 + 2/(-2))*1. Suppose g = -4*w + 5*a + 11, -2*a - 14 = w - 5*w. What is the remainder when 1/w - (-5 - (-27)/(-4)) is divided by 3?
0
Suppose -389 - 78 = -u. Suppose -4*n + c = -u, 5*n - n - 5*c = 479. Suppose 3*o - o - n = 0. What is the remainder when o is divided by 16?
10
Let c = -8590 - -8912. What is the remainder when c is divided by 83?
73
Let y = -977189 - -977294. Calculate the remainder when 1658/8 - 1/4 is divided by y.
102
Let r(n) = -185*n + 1517. Calculate the remainder when r(5) is divided by 579.
13
Let z(d) = 28*d**2 - 21*d + 93. Let m(w) = -78*w**2 + 64*w - 279. Let r(q) = -4*m(q) - 11*z(q). What is the remainder when 134 is divided by r(4)?
20
Suppose l - 73 = -995*g + 992*g, -2*l + 124 = -5*g. Let v = -28 - -48. Calculate the remainder when l is divided by v.
7
Suppose 0 = 21*s - 982 - 152. What is the remainder when 5775 is divided by s?
51
Let r be 1/((6 - 3)/9). Suppose 3*z + 30 = 4*z - 5*h, 2*h - 39 = -r*z. What is the remainder when 39 is divided by z?
9
Let c(f) = 124*f + 67*f**2 - 121*f + 38 - 41. Suppose -5*s = -0*s - 15, 5*s - 117 = -3*i. Calculate the remainder when c(1) is divided by i.
33
Let q be 0*(-2)/(-10) + 232. Let g = q - 151. What is the remainder when g is divided by 12?
9
Let l(z) = -14*z + 259. Calculate the remainder when 921 is divided by l(9).
123
Let y(s) = 16*s**2 + 8 - 28*s**2 + 7*s**3 + 10*s**2. Let i be y(-3). Let x = i + 283. What is the remainder when x is divided by 29?
26
Calculate the remainder when (-444)/(-3) + 37/((-222)/36) is divided by 52.
38
Suppose 4*i + 4*t - 48 = 0, 5*i - 20 = -2*t + 28. Suppose 4*w + 70 + 4 = 2*l, -40 = -l + 5*w. What is the remainder when l is divided by i?
3
What is the remainder when 8680/3 - 330/(-198) is divided by 6?
3
Suppose -2*w = 2*w. Suppose 5*i + 5*b + 1280 = w, 0 = -4*b - 0*b - 4. Let q = i - -425. Calculate the remainder when q is divided by 35.
30
Let m(t) = 309*t + 7. Let a be m(-3). Calculate the remainder when (-1 - -2)/((-1)/(-167)) is divided by a/(-22) + 16/88.
41
Let j(v) = 15*v**2 + 5 + 3*v + 0 - 17*v**2 - v**3 + 2. Calculate the remainder when 27 is divided by j(0).
6
Let a = 447 + -447. Suppose a = 4*y - 16, -5*y + 22 = 8*p - 7*p. Calculate the remainder when 9 is divided by p.
1
Suppose -2*j + 3 = 3*o + 89, 3*o = 4*j + 172. Let h = j + 49. Calculate the remainder when (-7 - 2)/(3/(-192)*h) is divided by 20.
16
Let l be ((-6)/4)/((-5)/10). Suppose -d + 76 = q - 30, -l*q + 4*d = -297. Calculate the remainder when q is divided by 36.
31
What is the remainder when (-36)/60*(-1695)/9 is divided by (14/42)/((-1)/(-57))?
18
Suppose -6 = -3*k + 24. Let j = -8 + k. Suppose 0 = m + i + j*i - 35, -5*i = m - 41. Calculate the remainder when 76 is divided by m.
24
Calculate the remainder when 85 is divided by 1*-60*((-28)/8 - (8 - 11)).
25
Suppose -13942 = -167*m + 11943. Calculate the remainder when m is divided by 67.
21
Let m(v) be the first derivative of 8 - 2*v + 11/2*v**2. Calculate the remainder when m(3) is divided by 7.
3
Let x(g) = g**3 + 3*g**2 - 10*g - 3. Let p be x(-5). Let y = 11 + 8. Calculate the remainder when 222/((-18)/p)*1 is divided by y.
18
Suppose -456*z = -413*z - 774. Calculate the remainder when 1883 is divided by z.
11
Let i = -69 + 128. Let q be (-3)/2*(-9 + 11). What is the remainder when i is divided by (-5 + 0 - q)*-10?
19
Suppose 12*x + 16520 = -16*x. What is the remainder when (1 - 0)/((-4725)/x - 8) is divided by 18?
10
Calculate the remainder when 541 is divided by (-12)/(-64) - (-37193)/208.
4
Suppose -256 = -10*x + 6*x. Suppose -4*k = -x - 16. Calculate the remainder when (57/(-5))/(6/(-20)) is divided by k.
18
Suppose 0 = -4*w + 2*g + 6516, 3266 = 2*w + 63*g - 65*g. What is the remainder when w is divided by 404?
9
Suppose 5*m + 5*v = 3485, -547*m - 3*v - 1409 = -549*m. Calculate the remainder when m is divided by 264.
172
Let r be (-20)/(-18)*12*6. Suppose b - r = -b. Let z(i) = i**3 - 2*i**2 + 3*i - 4. Calculate the remainder when b is divided by z(3).
12
Suppose 3*u - 7*u + 2*m + 358 = 0, -4*m - 437 = -5*u. Suppose -2*f + 0*q = 3*q - 55, f - 3*q = 41. What is the remainder when u is divided by f?
29
Let k(c) = -272*c. What is the remainder when k(-2) is divided by 2/(-4)*(-12 + -170)?
89
Let j = 49 + -46. Suppose j*m - 21 = -3*x, 19 = -0*m + 4*m + x. Let k(c) = c**3 - 4*c**2 + 2*c + 2. Calculate the remainder when 55 is divided by k(m).
5
Let l = -27 - -38. Suppose 4*k - 10 = h - 60, 0 = h - 5*k - 55. What is the remainder when h is divided by l?
8
Let v be (-732)/16*(-16)/(-4). Let w = -172 - v. What is the remainder when 64 is divided by w?
9
Suppose -3*r = -o + 116 - 7, -o + r + 121 = 0. Calculate the remainder when o is divided by 40.
7
Let o(t) = 101*t**2 + 105*t - 213. Calculate the remainder when 410 is divided by o(2).
9
Let l = 262 + -258. What is the remainder when 219 is divided by ((-2)/l)/(73/(-730))?
4
Let i be (-9 - (-3 + -3))*(-3 - 2). Suppose 0 = -a - 5*n - i, -34*a + 4*n + 26 = -32*a. What is the remainder when 21 is divided by a?
1
Suppose -6*w = -12*w. Suppose 0 = g - 4 - w. What is the remainder when 58 is divided by 24*(((-14)/g - -1) + 3)?
10
Let z be (-15)/(-25) - 3312/(-30). What is the remainder when 5 + (-6 - 4) + z is divided by 56?
50
What is the remainder when (-248427)/(-51) + (228/(-399) - (-108)/238) is divided by 56?
55
Suppose -5*c + 32 = -3*x, -5 = -c + 4*x + 15. Suppose -u + 5*p + 4 = -c*u, -u + 10 = -4*p. What is the remainder when 27 is divided by 516/66 + u/11?
3
Let o be (182/3)/(-7)*-3. Suppose 0 = -3*v - 5 + o. Calculate the remainder when 19 is divided by v.
5
What is the remainder when 3275 is divided by 1006/12 + ((-635)/(-30) - 21)?
83
Suppose 0 = -3*v + v - 16. What is the remainder when 35 is divided by (-2652)/(-182) + v/14?
7
Let g(u) = 18*u**2 - 5*u + 0 - 18*u**2 - 5 + 3*u**2. Suppose -5*m - 8 = 2. Calculate the remainder when 26 is divided by g(m).
9
Let y be (-1)/((-615)/1475 + 4/10). Suppose -50 = -4*i + m, 0*i - 2*m - 9 = -i. Calculate the remainder when ((y/(-4))/1)/(1/(-4)) is divided by i.
7
Calculate the remainder when (-116)/174*(-210 + -3) is divided by 91.
51
Let p(b) = -10*b**3 + 8*b**2 + 5*b. Let a be (2/12*-3)/(6/24). Calculate the remainder when 107 is divided by p(a).
5
Let n = -484 - -484. Suppose a + 3*c - 3 = 0, n*c + 3*c - 15 = -2*a. Suppose 0 = 3*j + 53 - 155. What is the remainder when j is divided by a?
10
Let h = -20391 + 20724. Calculate the remainder when h is divided by 205.
128
Let g = -111 - -23. Let v = -81 - g. Suppose 3*t = -5*h + 96, 121 - v = 4*t + 2*h. Calculate the remainder when t is divided by 7.
6
Calculate the remainder when 713 is divided by 43*1 + (-147 - -150).
23
Let t be (2 - -18) + (-30)/(-2 - 3). Suppose 510 - t = 11*u. Let k(f) = f**2 - 3*f - 6. What is the remainder when u is divided by k(6)?
8
Suppose 15 + 33 = -8*u. Calculate the remainder when 279 is divided by -4 - (-407)/8 - u/48.
44
Let p(f) = f**3 - 5*f**2 + 7. Calculate the remainder when 20 + (6/4)/(12 - 94/8) is divided by p(5).
5
Suppose -315*y + 10898 = -8947. Suppose -5*d - 4*b + 114 = 0, 0 = 2*d - 4*b - 40. What is the remainder when y is divided by d?
19
Let t be 959/5 - 13/(-65). Suppose -3*z = z + 4*k - t, 5*z + 4*k - 243 = 0. Let j(l) = l**3 - l + 4. Calculate the remainder when z is divided by j(0).
3
Let d = -465 - -502. Let r(v) = 22*v**3 - v**2 + 8*v - 5. What is the remainder when r(2) is divided by d?
35
Let i = 231 - 195. Suppose 27*b - i*b + 198 = 0. Calculate the remainder when ((-42)/5)/(2/(-15)) is divided by b.
19
Suppose 0 = 178*x - 8748 + 3469 - 5401. Let v = 56 + -24. Calculate the remainder when x is divided by v.
28
Suppose -17 = -4*z - 4*s + 3, 2*z - 3*s - 10 = 0. Suppose 2*x = -z*r - 49, 3*r - 137 = x + 3*x. Let d = -2 - x. What is the remainder when d is divided by 16?
14
Suppose 0 = -5*j + 182 - 47. Suppose -4419 - 2211 = -65*r. What is the remainder when r is divided by j?
21
What is the remainder when ((-354)/118)/((-1)/95) is divided by 74?
63
Let p(j) = -j**2 - 3*j + 6. Let f be p(-4). Suppose f*o - 5 + 5 = 0. Suppose 4